{"id":172,"date":"2019-03-22T07:42:44","date_gmt":"2019-03-22T06:42:44","guid":{"rendered":"https:\/\/www.dsb030.de\/?page_id=172"},"modified":"2019-05-08T10:33:20","modified_gmt":"2019-05-08T08:33:20","slug":"datenschutzerklaerung-2","status":"publish","type":"page","link":"https:\/\/www.dsb030.de\/index.php\/datenschutzerklaerung-2\/","title":{"rendered":"Datenschutzerkl\u00e4rung"},"content":{"rendered":"\n<p>Das Telemediengesetz, die DSGVO und das Bundesdatenschutzgesetz schreiben eine Informationspflicht bei der Verarbeitung von personenbezogenen Daten vor. F\u00fcr Webseiten gilt das TMG \u00a713, wonach eine Information des Benutzers zu Beginn der Nutzung des Dienstes erfolgen muss. Den Begriff &#8222;Datenschutzerkl\u00e4rung&#8220; gibt es im Gesetz nicht.<\/p>\n\n\n\n<p><strong>Datenschutzerkl\u00e4rung f\u00fcr Webseiten<\/strong><br>Die Datenschutzerkl\u00e4rung einer Website soll die Nutzer dar\u00fcber aufkl\u00e4ren, wie Sie als Verantwortlicher mit ihren pers\u00f6nlichen Daten umgehen. <\/p>\n\n\n\n<ul class=\"wp-block-list\"><li>Jede Webseite braucht eine Datenschutzerkl\u00e4rung, da die vom Webserver gespeicherte IP Adresse als personenbezogenes Datum gewertet wird.  BGH (Urt. v. 16.05.2017, Az. VI ZR 135\/13),  EuGH (v. 19.10.2016, Az. C-582\/14). <\/li><li>Die Datenschutzerkl\u00e4rung muss von jeder Seite aus erreichbar sein.  (TMG \u00a7 13), DSGVO (Art. 12)<\/li><li>Sie muss unter dem Link Datenschutz erreichbar sein, unterbringen im Impressum ist nicht zul\u00e4ssig.<\/li><\/ul>\n\n\n\n<p>Der Inhalt ist im Artikel 13 der DSGVO beschrieben. Es gibt inzwischen eine Vielzahl von Generatoren daf\u00fcr oder sie passen eine frei verf\u00fcgbare Erkl\u00e4rung an die Gegebenheiten an. In speziellen F\u00e4llen ist es angebracht, den Rat eines Datenschutzbeauftragten einzuholen.<\/p>\n\n\n\n<p><strong>Informationspflicht ohne Webseite:<\/strong> <br>Wenn keine Webseite betrieben wird, aber f\u00fcr das Gesch\u00e4ft personenbezogene Daten gebraucht werden, gilt die Informationspflicht nach DSGVO und BDSG. <br>Das BDSG Art. 32 Art. 1 Abs. 1 schr\u00e4nkt diese Pflicht ein, wenn es sich um <\/p>\n\n\n\n<ul class=\"wp-block-list\"><li> analog erfasste Daten handelt,  <\/li><li> die Kommunikation nicht digital erfolgt <\/li><li> unmittelbar mit dem Betroffenen erfolgt <\/li><li> und das Interesse des Betroffenen an der Information als gering anzusehen ist. <\/li><\/ul>\n\n\n\n<p>Wenn das der Fall ist m\u00fcssen nach BDSG Art 32 Abs 2 der \u00d6ffentlichkeit die Informationen nach DSGVO Art 13 bereitgestellt werden. Etwa durch einen Aushang im B\u00fcro oder der Werkstatt. <br>Hier eine Vorlage als Aushang:<br><a href=\"https:\/\/www.dsb030.de\/wp-content\/uploads\/2019\/05\/Datenschutzinformation-Office.pdf\" target=\"_blank\" rel=\"noreferrer noopener\" aria-label=\" (\u00f6ffnet in neuem Tab)\">Datenschutzinformation B\u00fcro (PDF)<\/a><br><a rel=\"noreferrer noopener\" href=\"https:\/\/www.dsb030.de\/wp-content\/uploads\/2019\/05\/Datenschutzinformation-Office.html\" target=\"_blank\">Web Version<\/a><\/p>\n\n\n\n<p><strong>Mobile Dienstleistungen:<\/strong><br>Sollte auch kein B\u00fcro oder Werkstatt existieren, sondern z.B. ein  mobiles Gesch\u00e4ft betrieben werden, beispielsweise Malerarbeiten oder Massagen, heilpraktische Anwendungen oder andere mobile Dienstleistungen k\u00f6nnen die Datenschutzinformationen in den Angeboten oder Auftragspapieren abgedruckt werden. <br>Wir bieten deshalb hier eine allgemeing\u00fcltige Variante zum Download an:<br><a rel=\"noreferrer noopener\" aria-label=\" (\u00f6ffnet in neuem Tab)\" href=\"https:\/\/www.dsb030.de\/wp-content\/uploads\/2019\/04\/Datenschutzinformation-Freelancer-A5.pdf\" target=\"_blank\">Datenschutzinformation Freiberufler (PDF)<\/a><br><a rel=\"noreferrer noopener\" aria-label=\"Web Version (\u00f6ffnet in neuem Tab)\" href=\"https:\/\/www.dsb030.de\/wp-content\/uploads\/2019\/05\/Datenschutzinformation-Freelancer.html\" target=\"_blank\">Web Version<\/a><\/p>\n\n\n\n<p>Es kann auch der QR Code hier beispielsweise auf die R\u00fcckseite einer Visitenkarte gedruckt werden. <br><\/p>\n\n\n\n<figure class=\"wp-block-image\"><img loading=\"lazy\" decoding=\"async\" width=\"135\" height=\"135\" src=\"https:\/\/www.dsb030.de\/wp-content\/uploads\/2019\/05\/ds-freelancer.png\" alt=\"\" class=\"wp-image-511\"\/><\/figure>\n","protected":false},"excerpt":{"rendered":"<p>Das Telemediengesetz, die DSGVO und das Bundesdatenschutzgesetz schreiben eine Informationspflicht bei der Verarbeitung von personenbezogenen Daten vor. F\u00fcr Webseiten gilt das TMG \u00a713, wonach eine Information des Benutzers zu Beginn der Nutzung des Dienstes erfolgen muss. Den Begriff &#8222;Datenschutzerkl\u00e4rung&#8220; gibt es im Gesetz nicht. Datenschutzerkl\u00e4rung f\u00fcr WebseitenDie Datenschutzerkl\u00e4rung einer Website soll die Nutzer dar\u00fcber aufkl\u00e4ren, wie Sie als Verantwortlicher mit [&hellip;]<\/p>\n","protected":false},"author":1,"featured_media":0,"parent":0,"menu_order":0,"comment_status":"closed","ping_status":"closed","template":"","meta":{"footnotes":""},"class_list":["post-172","page","type-page","status-publish","hentry"],"yoast_head":"<!-- This site is optimized with the Yoast SEO plugin v25.4 - https:\/\/yoast.com\/wordpress\/plugins\/seo\/ -->\n<title>Datenschutzerkl\u00e4rung - Datenschutz leicht gemacht<\/title>\n<meta name=\"robots\" content=\"index, follow, max-snippet:-1, max-image-preview:large, max-video-preview:-1\" \/>\n<link rel=\"canonical\" href=\"https:\/\/www.dsb030.de\/index.php\/datenschutzerklaerung-2\/\" \/>\n<meta property=\"og:locale\" content=\"de_DE\" \/>\n<meta property=\"og:type\" content=\"article\" \/>\n<meta property=\"og:title\" content=\"Datenschutzerkl\u00e4rung - Datenschutz leicht gemacht\" \/>\n<meta property=\"og:description\" content=\"Das Telemediengesetz, die DSGVO und das Bundesdatenschutzgesetz schreiben eine Informationspflicht bei der Verarbeitung von personenbezogenen Daten vor. F\u00fcr Webseiten gilt das TMG \u00a713, wonach eine Information des Benutzers zu Beginn der Nutzung des Dienstes erfolgen muss. Den Begriff &#8222;Datenschutzerkl\u00e4rung&#8220; gibt es im Gesetz nicht. Datenschutzerkl\u00e4rung f\u00fcr WebseitenDie Datenschutzerkl\u00e4rung einer Website soll die Nutzer dar\u00fcber aufkl\u00e4ren, wie Sie als Verantwortlicher mit [&hellip;]\" \/>\n<meta property=\"og:url\" content=\"https:\/\/www.dsb030.de\/index.php\/datenschutzerklaerung-2\/\" \/>\n<meta property=\"og:site_name\" content=\"Datenschutz leicht gemacht\" \/>\n<meta property=\"article:modified_time\" content=\"2019-05-08T08:33:20+00:00\" \/>\n<meta property=\"og:image\" content=\"https:\/\/www.dsb030.de\/wp-content\/uploads\/2019\/05\/ds-freelancer.png\" \/>\n<meta name=\"twitter:card\" content=\"summary_large_image\" \/>\n<meta name=\"twitter:label1\" content=\"Gesch\u00e4tzte Lesezeit\" \/>\n\t<meta name=\"twitter:data1\" content=\"2\u00a0Minuten\" \/>\n<script type=\"application\/ld+json\" class=\"yoast-schema-graph\">{\"@context\":\"https:\/\/schema.org\",\"@graph\":[{\"@type\":\"WebPage\",\"@id\":\"https:\/\/www.dsb030.de\/index.php\/datenschutzerklaerung-2\/\",\"url\":\"https:\/\/www.dsb030.de\/index.php\/datenschutzerklaerung-2\/\",\"name\":\"Datenschutzerkl\u00e4rung - Datenschutz leicht gemacht\",\"isPartOf\":{\"@id\":\"https:\/\/www.dsb030.de\/#website\"},\"primaryImageOfPage\":{\"@id\":\"https:\/\/www.dsb030.de\/index.php\/datenschutzerklaerung-2\/#primaryimage\"},\"image\":{\"@id\":\"https:\/\/www.dsb030.de\/index.php\/datenschutzerklaerung-2\/#primaryimage\"},\"thumbnailUrl\":\"https:\/\/www.dsb030.de\/wp-content\/uploads\/2019\/05\/ds-freelancer.png\",\"datePublished\":\"2019-03-22T06:42:44+00:00\",\"dateModified\":\"2019-05-08T08:33:20+00:00\",\"breadcrumb\":{\"@id\":\"https:\/\/www.dsb030.de\/index.php\/datenschutzerklaerung-2\/#breadcrumb\"},\"inLanguage\":\"de\",\"potentialAction\":[{\"@type\":\"ReadAction\",\"target\":[\"https:\/\/www.dsb030.de\/index.php\/datenschutzerklaerung-2\/\"]}]},{\"@type\":\"ImageObject\",\"inLanguage\":\"de\",\"@id\":\"https:\/\/www.dsb030.de\/index.php\/datenschutzerklaerung-2\/#primaryimage\",\"url\":\"https:\/\/www.dsb030.de\/wp-content\/uploads\/2019\/05\/ds-freelancer.png\",\"contentUrl\":\"https:\/\/www.dsb030.de\/wp-content\/uploads\/2019\/05\/ds-freelancer.png\",\"width\":135,\"height\":135},{\"@type\":\"BreadcrumbList\",\"@id\":\"https:\/\/www.dsb030.de\/index.php\/datenschutzerklaerung-2\/#breadcrumb\",\"itemListElement\":[{\"@type\":\"ListItem\",\"position\":1,\"name\":\"Home\",\"item\":\"https:\/\/www.dsb030.de\/\"},{\"@type\":\"ListItem\",\"position\":2,\"name\":\"Datenschutzerkl\u00e4rung\"}]},{\"@type\":\"WebSite\",\"@id\":\"https:\/\/www.dsb030.de\/#website\",\"url\":\"https:\/\/www.dsb030.de\/\",\"name\":\"Datenschutz leicht gemacht\",\"description\":\"Ihr externer Datenschutzbeauftragter f\u00fcr Berlin und Umgebung\",\"potentialAction\":[{\"@type\":\"SearchAction\",\"target\":{\"@type\":\"EntryPoint\",\"urlTemplate\":\"https:\/\/www.dsb030.de\/?s={search_term_string}\"},\"query-input\":{\"@type\":\"PropertyValueSpecification\",\"valueRequired\":true,\"valueName\":\"search_term_string\"}}],\"inLanguage\":\"de\"}]}<\/script>\n<!-- \/ Yoast SEO plugin. -->","yoast_head_json":{"title":"Datenschutzerkl\u00e4rung - Datenschutz leicht gemacht","robots":{"index":"index","follow":"follow","max-snippet":"max-snippet:-1","max-image-preview":"max-image-preview:large","max-video-preview":"max-video-preview:-1"},"canonical":"https:\/\/www.dsb030.de\/index.php\/datenschutzerklaerung-2\/","og_locale":"de_DE","og_type":"article","og_title":"Datenschutzerkl\u00e4rung - Datenschutz leicht gemacht","og_description":"Das Telemediengesetz, die DSGVO und das Bundesdatenschutzgesetz schreiben eine Informationspflicht bei der Verarbeitung von personenbezogenen Daten vor. F\u00fcr Webseiten gilt das TMG \u00a713, wonach eine Information des Benutzers zu Beginn der Nutzung des Dienstes erfolgen muss. Den Begriff &#8222;Datenschutzerkl\u00e4rung&#8220; gibt es im Gesetz nicht. Datenschutzerkl\u00e4rung f\u00fcr WebseitenDie Datenschutzerkl\u00e4rung einer Website soll die Nutzer dar\u00fcber aufkl\u00e4ren, wie Sie als Verantwortlicher mit [&hellip;]","og_url":"https:\/\/www.dsb030.de\/index.php\/datenschutzerklaerung-2\/","og_site_name":"Datenschutz leicht gemacht","article_modified_time":"2019-05-08T08:33:20+00:00","og_image":[{"url":"https:\/\/www.dsb030.de\/wp-content\/uploads\/2019\/05\/ds-freelancer.png","type":"","width":"","height":""}],"twitter_card":"summary_large_image","twitter_misc":{"Gesch\u00e4tzte Lesezeit":"2\u00a0Minuten"},"schema":{"@context":"https:\/\/schema.org","@graph":[{"@type":"WebPage","@id":"https:\/\/www.dsb030.de\/index.php\/datenschutzerklaerung-2\/","url":"https:\/\/www.dsb030.de\/index.php\/datenschutzerklaerung-2\/","name":"Datenschutzerkl\u00e4rung - Datenschutz leicht gemacht","isPartOf":{"@id":"https:\/\/www.dsb030.de\/#website"},"primaryImageOfPage":{"@id":"https:\/\/www.dsb030.de\/index.php\/datenschutzerklaerung-2\/#primaryimage"},"image":{"@id":"https:\/\/www.dsb030.de\/index.php\/datenschutzerklaerung-2\/#primaryimage"},"thumbnailUrl":"https:\/\/www.dsb030.de\/wp-content\/uploads\/2019\/05\/ds-freelancer.png","datePublished":"2019-03-22T06:42:44+00:00","dateModified":"2019-05-08T08:33:20+00:00","breadcrumb":{"@id":"https:\/\/www.dsb030.de\/index.php\/datenschutzerklaerung-2\/#breadcrumb"},"inLanguage":"de","potentialAction":[{"@type":"ReadAction","target":["https:\/\/www.dsb030.de\/index.php\/datenschutzerklaerung-2\/"]}]},{"@type":"ImageObject","inLanguage":"de","@id":"https:\/\/www.dsb030.de\/index.php\/datenschutzerklaerung-2\/#primaryimage","url":"https:\/\/www.dsb030.de\/wp-content\/uploads\/2019\/05\/ds-freelancer.png","contentUrl":"https:\/\/www.dsb030.de\/wp-content\/uploads\/2019\/05\/ds-freelancer.png","width":135,"height":135},{"@type":"BreadcrumbList","@id":"https:\/\/www.dsb030.de\/index.php\/datenschutzerklaerung-2\/#breadcrumb","itemListElement":[{"@type":"ListItem","position":1,"name":"Home","item":"https:\/\/www.dsb030.de\/"},{"@type":"ListItem","position":2,"name":"Datenschutzerkl\u00e4rung"}]},{"@type":"WebSite","@id":"https:\/\/www.dsb030.de\/#website","url":"https:\/\/www.dsb030.de\/","name":"Datenschutz leicht gemacht","description":"Ihr externer Datenschutzbeauftragter f\u00fcr Berlin und Umgebung","potentialAction":[{"@type":"SearchAction","target":{"@type":"EntryPoint","urlTemplate":"https:\/\/www.dsb030.de\/?s={search_term_string}"},"query-input":{"@type":"PropertyValueSpecification","valueRequired":true,"valueName":"search_term_string"}}],"inLanguage":"de"}]}},"_links":{"self":[{"href":"https:\/\/www.dsb030.de\/index.php\/wp-json\/wp\/v2\/pages\/172","targetHints":{"allow":["GET"]}}],"collection":[{"href":"https:\/\/www.dsb030.de\/index.php\/wp-json\/wp\/v2\/pages"}],"about":[{"href":"https:\/\/www.dsb030.de\/index.php\/wp-json\/wp\/v2\/types\/page"}],"author":[{"embeddable":true,"href":"https:\/\/www.dsb030.de\/index.php\/wp-json\/wp\/v2\/users\/1"}],"replies":[{"embeddable":true,"href":"https:\/\/www.dsb030.de\/index.php\/wp-json\/wp\/v2\/comments?post=172"}],"version-history":[{"count":30,"href":"https:\/\/www.dsb030.de\/index.php\/wp-json\/wp\/v2\/pages\/172\/revisions"}],"predecessor-version":[{"id":517,"href":"https:\/\/www.dsb030.de\/index.php\/wp-json\/wp\/v2\/pages\/172\/revisions\/517"}],"wp:attachment":[{"href":"https:\/\/www.dsb030.de\/index.php\/wp-json\/wp\/v2\/media?parent=172"}],"curies":[{"name":"wp","href":"https:\/\/api.w.org\/{rel}","templated":true}]}}